0169?
3, 7, 2389
List the prime factors of 144681.
3, 29, 1663
List the prime factors of 2234.
2, 1117
What are the prime factors of 4610?
2, 5, 461
What are the prime factors of 8333?
13, 641
List the prime factors of 15171.
3, 13, 389
What are the prime factors of 107077?
107077
List the prime factors of 130355.
5, 29, 31
What are the prime factors of 4077?
3, 151
List the prime factors of 18938.
2, 17, 557
List the prime factors of 4311.
3, 479
List the prime factors of 13141.
17, 773
List the prime factors of 40538.
2, 20269
List the prime factors of 13416.
2, 3, 13, 43
What are the prime factors of 20221?
73, 277
What are the prime factors of 172?
2, 43
What are the prime factors of 20938?
2, 19, 29
List the prime factors of 42.
2, 3, 7
What are the prime factors of 9491?
9491
List the prime factors of 315.
3, 5, 7
List the prime factors of 26019.
3, 7, 59
What are the prime factors of 2928?
2, 3, 61
List the prime factors of 29965.
5, 13, 461
What are the prime factors of 356?
2, 89
What are the prime factors of 2086?
2, 7, 149
List the prime factors of 34187.
17, 2011
What are the prime factors of 56982?
2, 3, 9497
List the prime factors of 23025.
3, 5, 307
List the prime factors of 10018.
2, 5009
What are the prime factors of 507?
3, 13
What are the prime factors of 672?
2, 3, 7
List the prime factors of 13634.
2, 17, 401
List the prime factors of 15684.
2, 3, 1307
What are the prime factors of 1002?
2, 3, 167
What are the prime factors of 919?
919
List the prime factors of 692.
2, 173
List the prime factors of 4097.
17, 241
What are the prime factors of 1402?
2, 701
What are the prime factors of 26558?
2, 7, 271
List the prime factors of 1191.
3, 397
What are the prime factors of 102672?
2, 3, 23, 31
List the prime factors of 12700.
2, 5, 127
List the prime factors of 1932.
2, 3, 7, 23
List the prime factors of 4280.
2, 5, 107
What are the prime factors of 36421?
7, 11, 43
What are the prime factors of 2669?
17, 157
List the prime factors of 14.
2, 7
List the prime factors of 1003.
17, 59
List the prime factors of 946.
2, 11, 43
What are the prime factors of 33027?
3, 101, 109
List the prime factors of 37887.
3, 73, 173
What are the prime factors of 3027?
3, 1009
What are the prime factors of 49483?
7, 7069
What are the prime factors of 3277?
29, 113
What are the prime factors of 2178?
2, 3, 11
What are the prime factors of 118594?
2, 7, 43, 197
List the prime factors of 55171.
55171
List the prime factors of 94490.
2, 5, 11, 859
What are the prime factors of 18764?
2, 4691
List the prime factors of 19275.
3, 5, 257
List the prime factors of 1445.
5, 17
What are the prime factors of 1733?
1733
List the prime factors of 61452.
2, 3, 569
What are the prime factors of 6725?
5, 269
List the prime factors of 3540.
2, 3, 5, 59
List the prime factors of 7114.
2, 3557
List the prime factors of 16610.
2, 5, 11, 151
List the prime factors of 41233.
41233
List the prime factors of 5849.
5849
What are the prime factors of 6036?
2, 3, 503
List the prime factors of 1028.
2, 257
What are the prime factors of 55?
5, 11
List the prime factors of 17095.
5, 13, 263
What are the prime factors of 1271?
31, 41
What are the prime factors of 945?
3, 5, 7
What are the prime factors of 4889?
4889
What are the prime factors of 36?
2, 3
List the prime factors of 4975.
5, 199
List the prime factors of 55.
5, 11
What are the prime factors of 21863?
21863
List the prime factors of 3301.
3301
What are the prime factors of 3091?
11, 281
What are the prime factors of 44212?
2, 7, 1579
List the prime factors of 4232.
2, 23
List the prime factors of 80708.
2, 20177
List the prime factors of 3116.
2, 19, 41
List the prime factors of 82948.
2, 89, 233
List the prime factors of 58574.
2, 29287
List the prime factors of 1138.
2, 569
List the prime factors of 11320.
2, 5, 283
What are the prime factors of 1658?
2, 829
List the prime factors of 16918.
2, 11, 769
List the prime factors of 362.
2, 181
What are the prime factors of 516?
2, 3, 43
What are the prime factors of 1963?
13, 151
List the prime factors of 11754.
2, 3, 653
List the prime factors of 3421.
11, 311
What are the prime factors of 7463?
17, 439
What are the prime factors of 276?
2, 3, 23
What are the prime factors of 179?
179
What are the prime factors of 14073?
3, 4691
List the prime factors of 27005.
5, 11, 491
What are the prime factors of 3644?
2, 911
What are the prime factors of 26091?
3, 13, 223
List the prime factors of 989.
23, 43
What are the prime factors of 1171?
1171
What are the prime factors of 1054?
2, 17, 31
What are the prime factors of 1016?
2, 127
List the prime factors of 25736.
2, 3217
What are the prime factors of 9958?
2, 13, 383
What are the prime factors of 41372?
2, 10343
What are the prime factors of 1010?
2, 5, 101
What are the prime factors of 135?
3, 5
List the prime factors of 399.
3, 7, 19
List the prime factors of 13215.
3, 5, 881
List the prime factors of 369.
3, 41
List the prime factors of 12561.
3, 53, 79
List the prime factors of 66609.
3, 2467
What are the prime factors of 76905?
3, 5, 1709
What are the prime factors of 943?
23, 41
What are the prime factors of 5006?
2, 2503
List the prime factors of 143073.
3, 7, 757
What are the prime factors of 3078?
2, 3, 19
List the prime factors of 54654.
2, 3, 9109
What are the prime factors of 80?
2, 5
List the prime factors of 43191.
3, 4799
What are the prime factors of 181837?
181837
What are the prime factors of 1026?
2, 3, 19
List the prime factors of 523.
523
What are the prime factors of 6314?
2, 7, 11, 41
What are the prime factors of 13037?
13037
List the prime factors of 1325.
5, 53
What are the prime factors of 34452?
2, 3, 11, 29
What are the prime factors of 49212?
2, 3, 1367
What are the prime factors of 2705?
5, 541
What are the prime factors of 8613?
3, 11, 29
List the prime factors of 157944.
2, 3, 6581
What are the prime factors of 3385?
5, 677
List the prime factors of 3602.
2, 1801
List the prime factors of 2141.
2141
What are the prime factors of 23529?
3, 11, 23, 31
What are the prime factors of 1313?
13, 101
List the prime factors of 12175.
5, 487
List the prime factors of 4945.
5, 23, 43
What are the prime factors of 63875?
5, 7, 73
What are the prime factors of 18125?
5, 29
What are the prime factors of 1332?
2, 3, 37
What are the prime factors of 52967?
52967
List the prime factors of 17406.
2, 3, 967
List the prime factors of 190.
2, 5, 19
What are the prime factors of 8467?
8467
List the prime factors of 6498.
2, 3, 19
List the prime factors of 11564.
2, 7, 59
What are the prime factors of 32303?
32303
List the prime factors of 6827.
6827
List the prime factors of 3272.
2, 409
List the prime factors of 888.
2, 3, 37
What are the prime factors of 132827?
43, 3089
List the prime factors of 2743.
13, 211
List the prime factors of 5206.
2, 19, 137
List the prime factors of 25401.
3, 8467
What are the prime factors of 33258?
2, 3, 23, 241
List the prime factors of 1002.
2, 3, 167
List the prime factors of 13676.
2, 13, 263
List the prime factors of 9106.
2, 29, 157
What are the prime factors of 2845?
5, 569
List the prime factors of 24525.
3, 5, 109
List the prime factors of 1816.
2, 227
List the prime factors of 15225.
3, 5, 7, 29
What are the prime factors of 41504?
2, 1297
List the prime factors of 115354.
2, 137, 421
What are the prime factors of 20496?
2, 3, 7, 61
List the prime factors of 43025.
5, 1721
List the prime factors of 4237.
19, 223
List the prime factors of 45.
3, 5
What are the prime factors of 5173?
7, 739
List the prime factors of 50.
2, 5
What are the prime factors of 10431?
3, 19, 61
What are the prime factors of 20488?
2, 13, 197
List the prime factors of 2750.
2, 5, 11
What are the prime factors of 313?
313
List the prime factors of 9147.
3, 3049
What are the prime factors of 630?
2, 3, 5, 7
List the prime factors of 1740.
2, 3, 5, 29
List the prime factors of 247.
13, 19
What are the prime factors of 1323?
3, 7
List the prime factors of 1862.
2, 7, 19
List the prime factors of 19854.
2, 3, 1103
List the prime factors of 4993.
4993
List the prime factors of 3590.
2, 5, 359
What are the prime factors of 13302?
2, 3, 739
What are the prime factors of 11321?
11321
What are the prim